- 5*m. Give k(-3).
14
Let d be (0 - 0)*84/168. Let o(f) = -12*f + 4. Let h be o(d). Let k(s) = -s**3 + s**2 + 6*s - 2. Determine k(h).
-26
Let f = -36143 + 36185. Let s(i) = -i**3 + 44*i**2 - 83*i - 41. Determine s(f).
1
Let w(m) = m**3 - 13*m**2 + 12*m - 12. Let l be 167/3 - 11/(-33). Suppose -u - 44 = -l. Give w(u).
-12
Let j(q) be the first derivative of q**3/3 - 19*q**2/2 - 25*q + 843. Give j(20).
-5
Let r(m) = 2*m + 24. Let x be r(-10). Suppose x*f + 11 - 31 = 0. Let z(l) = -l. Let o(j) = -5*j + 12. Let b(d) = o(d) - 4*z(d). Calculate b(f).
7
Let u(t) be the second derivative of t**3/6 - 4*t**2 - 547*t. What is u(15)?
7
Let y(r) be the third derivative of -r**5/30 - 5*r**4/24 - 5*r**3/6 + 1235*r**2. What is y(-2)?
-3
Suppose -1959 = 123*d - 729. Let r(m) = m**3 + 11*m**2 + 8*m - 16. What is r(d)?
4
Suppose 4 = -12*y + 8*y, 4*y = -3*m + 14. Let k(b) = -b**3 + 6*b**2 + 12*b - 12. Give k(m).
60
Let p = 6504 - 6503. Let i(q) = 17*q - 10. Calculate i(p).
7
Let o(z) = z**2 - z - 33. Let l be o(8). Let k(r) = -29 + 28 + l*r**2 - 22*r**2 + 9*r. What is k(-10)?
9
Suppose 9 = 8*p - 7. Let f(i) = 5*i**2 - 936 + 467 + i**3 + 476 + p*i. Calculate f(-5).
-3
Let a(z) = -1723 + 572 + 573 - 6*z + 577. Suppose -3*h = -6*h. Let p = -1 - h. Calculate a(p).
5
Let n(i) = -11*i + 13. Suppose 5*v = -5*g + 9*v + 32, -44 = -5*g - 2*v. Determine n(g).
-75
Let x(f) = -3*f - f + 54 - 2*f - 91 - 18. Determine x(-10).
5
Let t(s) be the first derivative of -62 + 13/2*s**2 - 1/3*s**3 - 5*s. Determine t(13).
-5
Let g(v) be the first derivative of -v**3/3 - 9*v**2/2 + 9*v - 1. Suppose x + 2*i = -16, 25*i - 22 = x + 29*i. Calculate g(x).
-1
Let q(b) = b**2 - 5*b - 16. Let l be (-330)/88*16/12. Calculate q(l).
34
Let b = -808 - -815. Let u(o) be the second derivative of o**3/3 - 4*o**2 + 42*o. What is u(b)?
6
Suppose -y = 3*f - 0*y - 14, -4*f + 3*y + 23 = 0. Let t = 626 - 626. Suppose 4*i + 4*u - 8 = t, f*i - i - 4*u = 48. Let p(o) = -2*o + 6. Calculate p(i).
-8
Let q be (-3)/27*3*9. Let b(c) be the third derivative of c**5/60 + c**4/24 - c**3/6 - 222*c**2. Calculate b(q).
5
Let f(j) = -j**3 - j + 13. Let w(b) = -40*b**2 - 30*b**2 + 69*b**2 + 2*b - 1. Let u be w(1). Give f(u).
13
Let u(g) = 51 + 39 + 34 - g**2 - 11 - 29*g. Determine u(-32).
17
Let k(v) = 6*v**3 - 6*v**2 + v + 6. Suppose 8*t - 47 = -79. Let i(q) = 5*q**3 - 5*q**2 + q + 5. Let x(d) = t*k(d) + 5*i(d). Suppose 0*h = h. Give x(h).
1
Suppose 0 = 60*i - 55*i - 325. Let o(t) = -130 + t**3 + 67 - 2*t**2 + i + 2*t - 6*t. Determine o(3).
-1
Let r(j) = 116*j - 232*j + 37 - 28 + 120*j. Calculate r(8).
41
Let o(c) = -c + 22 - 25 + 0 + 4*c**3 - 3*c**3 - c**2. Suppose 15*w + 15 - 45 = 0. Determine o(w).
-1
Suppose -47*u = 48*u - 69*u - 182. Let h(f) = -f**3 + 8*f**2 - 9*f - 1. What is h(u)?
-15
Suppose -112 = -86*f + 78*f - 32. Let t(c) = -2*c**2 + 13*c - 5. Give t(f).
-75
Let d(k) = k**3 - k**2 - 2*k + 1. Let r(x) = -2*x**3 - 27*x**2 + 17*x + 42. Let h be r(-14). Determine d(h).
1
Suppose -51 = -3*i - 54. Let t(d) = 946*d**2 + 2*d - 3*d - 944*d**2 - 2. Determine t(i).
1
Let y(q) = 55*q**3 + q**2 + 36772 + q**2 + 0*q**2 - 36770 + 3*q. What is y(-1)?
-54
Let s(d) = -2*d**2 + 2*d - 11. Let m(g) = 12*g**2 - 9*g + 53. Let r(h) = m(h) + 5*s(h). Let k(x) = -x**2 - 2. Let t be k(0). Determine r(t).
4
Suppose 0 = i + 2*i. Suppose 5*p + 48 = 8*p. Let z(q) = p*q + 2 + 0 - 6*q - 9*q. Give z(i).
2
Suppose 14*w - 55 - 30 = -29. Let u(m) = 32*m - 117. Determine u(w).
11
Suppose 4*d = o + o - 2, -3*d = 4*o - 37. Suppose -35 = -o*u + 8*u. Let c = u + 25. Let i(n) = -n - 12. Calculate i(c).
-2
Let g(u) = u**2 + 2*u - 1. Suppose 17*j = 14*j - 3*o - 12, 4*j - 4*o - 8 = 0. Let d(m) = 4*m**2 + 19*m - 2. Let h(v) = j*d(v) + 5*g(v). Calculate h(9).
-3
Let i(f) = 2*f**2 - 73*f - 117. Let g be i(38). Let s(p) = 2*p**2 + 2*p - 6. Determine s(g).
6
Suppose 40 = -204*b + 208*b. Suppose b = p - 11. Let f(y) = 15*y + 8*y - p*y + 12. Give f(-9).
-6
Let x(l) = -6*l - 1. Let i(a) = -a + 1. Let w(c) = 2*i(c) + x(c). Let p be ((-539)/14)/11*-4. Let q be -1 + 96/(-84)*p/(-4). Give w(q).
-23
Let y(f) = -315*f**3 - 3*f + 106*f**3 - f**2 + 98*f**3 + 107*f**3 - 2 + 2*f**2. Give y(2).
-36
Let v(r) be the second derivative of r**7/2520 + 7*r**6/720 + r**5/60 - 10*r**4 - 2*r + 38. Let l(g) be the third derivative of v(g). Give l(-8).
10
Let k be (2 - 1) + -23 + 22 + 0. Let y(b) = 11*b**2 - 6*b**3 - 16 - 12*b**2 + 5*b**3 - 3. Determine y(k).
-19
Let c(j) = -4*j**2 + 2*j - 1. Let h be ((-6)/8)/((-94)/(-24) - 4). Suppose 16 + 11 = h*i. Suppose 4*o + 4 = 4*n, -i*n + 2*o = -3 - 1. What is c(n)?
-13
Let r = 213 - 211. Let i(z) = 2 + 2*z - r*z - z. What is i(-4)?
6
Let o(s) = -4*s + 2. Suppose 19 = -2*t + 43. Suppose t*h = 84 - 12. Calculate o(h).
-22
Let o(z) = 3*z - 42. Let l be o(15). Let x(w) = -w**3 + w**2 - w. Let c(k) = -k**3 + 6*k**2 - k + 3. Let p(n) = l*x(n) - c(n). Calculate p(-2).
5
Suppose -9*k + 6*k = s + 112, -k - 3*s = 48. Let u(q) = 2*q**2 + 73*q + 45. What is u(k)?
9
Let i(m) = -3 + 9*m - 12*m**2 + 111*m - 120*m + m**3. What is i(12)?
-3
Let o = -13 - -8. Let l = -13 + 15. Let j(u) = -10 + 16 + u - l*u. What is j(o)?
11
Suppose -4*k = h + 2*h - 17, -3*k + 4 = h. Suppose -7*w + 5*w = h*w. Suppose w*c - 18 = 2*c. Let j(u) = u**3 + 9*u**2 - 9. Give j(c).
-9
Let a(i) = 12*i - 116. Let c(l) = -16*l + 126. Let s(y) = -5*a(y) - 4*c(y). Determine s(-19).
0
Let i be 2/((-2)/(-4) - (-36)/216). Let t(d) = -12*d**i + 17*d - 2 - 3*d**2 - 15*d + 2*d**2 - d**3. What is t(1)?
-14
Let c(l) be the first derivative of -2*l**3/3 - 29*l**2/2 + 51*l - 3982. Give c(-16).
3
Let s(z) = -14899*z - 25 - 53 + 14887*z. Determine s(-7).
6
Suppose 5*b + 29 = 48*w - 44*w, -b + 11 = 2*w. Let c(n) be the third derivative of 2*n**2 + 0 - 1/6*n**3 - 1/60*n**6 + 0*n - 1/60*n**5 - 1/12*n**4. Give c(b).
2
Let c(f) = -f**3 + f**2 + f - 1. Suppose 0 = q - 19*q + 216. Let z be (-26)/(-12) - 2/q. What is c(z)?
-3
Let b(r) be the second derivative of r**4/6 - 4*r**3/3 + 5*r**2 - r - 28. Determine b(4).
10
Let b(l) = 3 + 11 - 19*l - 6 - 7 - 2. Calculate b(-1).
18
Let q(v) be the first derivative of v**4/4 + 4*v**3 - 15*v**2/2 - 13*v - 2. Let m be (-59)/((-885)/(-225)) + 1 + 1. Determine q(m).
13
Let o(d) be the first derivative of -d - 7/3*d**3 - 124 - 1/2*d**2. Determine o(-1).
-7
Let f(d) = d**2 - 7*d - 16. Suppose 222*z - 73*z - 885 = 456. Calculate f(z).
2
Suppose -41 = 10*x + 39. Let u(f) = 6*f + 42. Calculate u(x).
-6
Let l be -2*((5 - 24/16) + -15). Let k(m) = m**2 - 22*m - 29. Give k(l).
-6
Let l(a) be the first derivative of a**4/4 - 2*a**3/3 - 4*a**2 - 11*a + 721. Determine l(-4).
-75
Let u(h) = h**2 + h - 16. Let n be u(-5). Let l be (1 + n)*(-24)/(-30). Suppose z = l*a - 7, -2*z - 2*a + 1 = -5. Let j(g) = 3*g - 1. Give j(z).
2
Let q(r) = -r**3 - 8*r**2 - 7*r - 12. Suppose -n = 9 - 13. Let i(c) = c**3 + 8*c**2 + 7*c + 13. Let v(g) = n*i(g) + 5*q(g). What is v(-7)?
-8
Let w(s) be the second derivative of -7*s**3/6 - 17*s**2/2 + 3172*s. What is w(-10)?
53
Let w(d) = -2 + 0*d**3 + 5 + 5*d**3 - 3*d**3 + 3*d**3 + 5*d + 5*d**2. Determine w(-3).
-102
Let w = 18 - 4. Suppose -10*b + w*b + 20 = 0. Let m(p) = 3*p**2 + 16*p + 7. Let y(i) = -i**2 - 5*i - 2. Let n(j) = 2*m(j) + 7*y(j). Calculate n(b).
-10
Let s(g) be the third derivative of g**6/120 + 2*g**5/15 + g**4/8 + 7*g**3/6 - 195*g**2 + g. Give s(-8).
-17
Suppose 3*s - 12 = -39. Let h(c) be the second derivative of c**4/12 + c**3 + c**2 + c - 23059. Calculate h(s).
29
Let r(b) be the third derivative of -b**4/24 - b**3/3 + 25*b**2 - 15*b. Let z = -3 - 3. Determine r(z).
4
Let u(t) = -533*t - 6393. Let m be u(-12). Let c(w) be the third derivative of 7/6*w**m + 1/24*w**4 + 2*w**2 + 0 + 0*w. What is c(0)?
7
Let n(m) be the third derivative of m**5/30 + 13*m**4/12 - 31*m**3 + 13249*m**2. Determine n(-18).
-6
Let t(a) = -a**2 - 15*a - 26. Let r be t(-12). Let s(z) = -3*z + 9 + 1 - z**2 + 5*z + 6*z. Give s(r).
-10
Let z(l) = -11*l - 6*l**2 - 1761 + 3499 - 1737. What is z(-3)?
-20
Let d(o) be the third derivative of -o**6/120 - 2*o**5/15 + o**4/6 + 29*o**3/6 - 319*o**2. Determine d(-8).
-3
Let d(h) be the third derivative of h**6/360 + h**5/60 + 23*h**4/24 - 2*h**2. Let r(s) be the second derivative of d(s). Let f = 255 + -260. Give r(f).
-8
Let